e the second derivative of -h**5/20 + 5*h**4/12 + 13*h**3/6 - 6*h**2 - 21*h. What is the tens digit of t(6)?
3
Let a be (-10)/15 + 44/(-6). Let o(k) = -k**3 - 7*k**2 + 9*k + 7. Let v be o(a). What is the units digit of v/(-3) + 2/3?
1
Suppose 4*y = -4*v - 1372, -2*v + 0*v = -3*y - 1049. Let c = -197 - y. What is the tens digit of c?
5
Let j(g) = 0 + 0 - 4 - 23*g. Let t be j(-8). Suppose -3*h = -h + 5*d - 62, -t = -4*h + 4*d. What is the units digit of h?
1
Let s = -10 - -20. Let d be 526/s - 16/(-40). Let v = -26 + d. What is the units digit of v?
7
Let l be ((-3)/(-2))/(54/144). Suppose -3*u + u - l*a = -178, -3*a - 389 = -4*u. What is the tens digit of u?
9
Let t(m) = -m + 2. Let f be t(-1). What is the units digit of (f/(-12))/((-3)/372)?
1
Let b = -89 + 93. Suppose 0*l - b*l + 668 = 0. What is the tens digit of l?
6
Let d be ((-78)/(-15))/(8/20). Let i(z) = 5*z - d + 5*z + z - 4*z. What is the tens digit of i(8)?
4
Suppose 0 = 4*m - 5*i - 1531, 3*m - 20*i - 1152 = -15*i. What is the hundreds digit of m?
3
Let k = 186 + -195. Let x(t) be the second derivative of t**5/20 + 11*t**4/12 + 2*t**3 + 13*t**2/2 - 2*t. What is the units digit of x(k)?
7
Suppose 21*w + 11244 = 33*w. What is the hundreds digit of w?
9
Let x = 1197 - 783. What is the units digit of x?
4
What is the tens digit of ((-12)/10)/(106/(-47965))?
4
Let v(w) be the first derivative of -w**3/3 - 5*w**2 + 9*w - 5. Suppose 5*t - 29 + 2 = 3*p, 3*p + 4*t = -27. What is the units digit of v(p)?
8
Let r(n) = 34*n + 1426. What is the thousands digit of r(0)?
1
Let t(q) be the third derivative of -q**4/4 - 23*q**3/6 - 5*q**2. What is the tens digit of t(-13)?
5
Suppose 0*c = c + 2*k - 1, 0 = -3*c - k - 7. Let u(s) be the first derivative of -s**4/4 - s**3/3 + 5*s**2/2 + 4*s - 3. What is the units digit of u(c)?
7
Let f = 451 + 772. What is the units digit of f?
3
Let b(j) = j**3 + 9*j**2 + 7*j - 10. Let v be b(-8). Let o(d) = 4 - 3*d**2 - 2*d**3 - 1 + d**2 + 4*d + d**2. What is the units digit of o(v)?
7
Let g = -29 + 34. Suppose g*c + 3*a = 4*a + 433, -2*c + 178 = -2*a. What is the tens digit of c?
8
Let j be (2/3)/(4/6). Let w be (14/35)/(j/110). Let l = 74 - w. What is the units digit of l?
0
What is the units digit of -5 + 8/(16/154)?
2
Suppose 4*c - 303 = 69. What is the units digit of c?
3
Let w be 3/12 + -1 + (-57)/(-12). Suppose -w*z = a - 20 - 67, 185 = 2*a - 3*z. What is the units digit of a?
1
Let s = -1026 - -1516. What is the tens digit of s?
9
Let s = 14 + 9. Let l = -22 + s. Suppose w + 5*o = -6, l = -w - 3*o - 1. What is the units digit of w?
4
Suppose 663 = 2*u + 2*f + 3*f, -u - 2*f + 330 = 0. What is the units digit of u?
4
Let d(l) be the first derivative of -19*l**2/2 - 17*l - 16. What is the units digit of d(-7)?
6
Suppose -36*h = -95*h + 117941. What is the thousands digit of h?
1
Suppose -4*z - 6188 = -4*t, 4*t - 3*z + 46 = 6231. What is the hundreds digit of t?
5
Let c = -6033 + 11241. What is the tens digit of c?
0
Suppose -2*d = -889 - 849. What is the units digit of d?
9
Suppose 0 = 6*z + 137 - 503. Suppose 0 = 4*r - 287 - 177. Let h = r - z. What is the units digit of h?
5
What is the units digit of 4 - 1/(-2)*1486?
7
Let t = 8 + -4. Suppose -9*m + 10 = -t*m. Suppose -u - m*c + 13 - 1 = 0, -5*c + 51 = 4*u. What is the units digit of u?
4
Let o = -16 + 16. Suppose a = -o*a + 3. Let j = 10 - a. What is the units digit of j?
7
Let w(a) = 34*a - 36. Suppose 0 = 2*b - 5*d - 16, -d - 40 = -5*b - 0*d. What is the tens digit of w(b)?
3
What is the tens digit of (14/(-77) - 0) + 5350/22?
4
What is the hundreds digit of (3 + -4)/(9/(-8523))?
9
What is the tens digit of (126/(-5))/(6/(-75))?
1
Let c(g) = 4*g + 5. Suppose 0 = u - 5. Suppose -19 = -u*a + 16. What is the units digit of c(a)?
3
Suppose 20 = -5*y, 6*t - 3*y + 28 = t. Let b(a) = 14 - 6 + 0*a**2 - 10*a - a**2. What is the tens digit of b(t)?
2
Suppose 3757 + 21497 = 9*j. What is the thousands digit of j?
2
Suppose 3*j - 645 = 354. Suppose 0 = 3*i + 4*z - j, 0 = 4*i + 3*z + 2*z - 445. What is the units digit of i?
5
Suppose 7*t = 2*t + 20. Suppose -48 = 2*j - t*j. Let n = 28 - j. What is the units digit of n?
4
Suppose 15 = k - 2*r - 12, k = 5*r + 36. Let x = 122 - k. What is the units digit of x?
1
Let r(m) = m + 3. Let q(d) = d + 3. Let l(k) = 4*q(k) - 5*r(k). Let a be l(-8). Suppose 0 = 3*o + y - 132, o + 3*o - 157 = a*y. What is the tens digit of o?
4
Let z be 7*(2/(-2) + 2). Let n(g) = -6*g - 7. Let v be n(-3). Suppose 3*s - v = z. What is the units digit of s?
6
Suppose 2 = -s + 3. Suppose s = 4*x - 7. Suppose -n + x = -12. What is the tens digit of n?
1
Suppose -19*t + 7320 = -7*t. What is the units digit of t?
0
Let d(q) = 4*q**2 - q + 26. What is the units digit of d(-9)?
9
Suppose -26 = -2*i + 2. Let h(n) = 5*n + 15. Let o be h(i). What is the units digit of (-7)/14 + o/2?
2
What is the hundreds digit of (-28)/112 - (-938)/(-8)*-5?
5
Let i = 138 + -134. Let d(s) = 29*s - 32. What is the tens digit of d(i)?
8
Let f(k) = k**3 + 15*k**2 - 20*k - 70. What is the units digit of f(-12)?
2
Suppose r + 6 - 1 = 0, -4*r = -3*q + 44. Suppose m = -0*m - 4*t - 8, 4*m - 4*t = q. Suppose 0 = -x - m*x + 22. What is the tens digit of x?
2
Let u(z) = -61 + 2*z**2 + 62 - z**2 - 4*z + z**2. What is the tens digit of u(5)?
3
Suppose 3*o - 9 = -3*t, 3*o - 1 = -5*t + 2. Let n(s) = 3*s - 8. Let a be n(4). Suppose a*r - m = 5, 2*r + 3*m - 7*m - o = 0. What is the units digit of r?
1
Let b = 9 + -6. Suppose b*g + 9 = 0, 0 = 2*d + 3*d + 5*g - 335. What is the tens digit of d?
7
Let y = 1332 + 1091. What is the thousands digit of y?
2
Suppose f = -v - 6, -4*f - 1 = -2*v + 11. Suppose 8 = g - 5*g - h, h = -5*g - 9. Let s = g - f. What is the units digit of s?
3
Let s be 4/14 - (-26)/7. Suppose 43 = -s*w + 5*w. What is the tens digit of w?
4
Suppose 2*j - 5*h + 22 = -j, -2*j = 3*h - 17. Let n(u) = 108*u**2 - 1. What is the hundreds digit of n(j)?
1
What is the hundreds digit of 0 - ((-1200)/3 - -7)?
3
Let u(m) = -2*m**3 + 3*m**2 + m + 2. Let q be u(-4). Suppose -q = -5*t + 46. Suppose 7*p = 3*p + t. What is the tens digit of p?
1
Let r be 6/(-12) + 2321/2. Suppose -8*f + 1336 + r = 0. What is the tens digit of f?
1
Suppose -f = -25*f + 13440. What is the tens digit of f?
6
Let o = 0 + 2. Suppose 4*g = o*f - 48, 4*f - 120 = -4*g - 36. Suppose -f + 90 = 4*z. What is the units digit of z?
7
Suppose -t + 35*f + 1581 = 40*f, 4*t + 3*f = 6239. What is the tens digit of t?
5
Let k(v) = 426*v**2 + 48*v - 6. What is the thousands digit of k(-3)?
3
Suppose 20*x - 11575 = 30365. What is the thousands digit of x?
2
Let k(r) = -r + 1. Let d be k(-2). Suppose -4*f - 567 = -3*q - f, 5*q - d*f = 937. What is the tens digit of q?
8
Suppose 0*u = -5*x - u + 1172, 3*u - 942 = -4*x. Suppose -3*d + v = 2*v - 368, 5*v + x = 2*d. What is the tens digit of d?
2
Suppose 3 = -3*l, 24*r + 8104 = 27*r + 2*l. What is the units digit of r?
2
Let w(u) = -6*u + 9. Let l be w(-5). Suppose 0 = -0*a + a - 5. Suppose -l = -a*k + 71. What is the units digit of k?
2
Let g be (-66)/(-4)*(-12 + -4 + 10). Let p = g + 146. What is the tens digit of p?
4
Suppose -24*r - 6825 = -37*r. What is the units digit of r?
5
Let r(k) = 2*k**3 + 3*k - 3. Let l = -24 - -28. What is the units digit of r(l)?
7
What is the hundreds digit of 490 - 64/8 - -4?
4
Suppose -10 = s - 6*s. Suppose 4*v + 8 = -3*g, s*g + v = 5*v + 8. Suppose -3*r + 2 + 10 = g. What is the units digit of r?
4
What is the tens digit of 13 + 22779/36 + 1/4?
4
Suppose -v + 3 = -0. Suppose -t = -v*t + 30. What is the tens digit of t?
1
Let p = 161 - 87. What is the units digit of p?
4
Suppose 3*j - 2*y - 3*y - 51 = 0, -3*j + 24 = 4*y. Let p = j - -55. What is the tens digit of p?
6
Let c = 16 + -14. Suppose -c*k = 2*n - 298, -4*n + 0*n + 452 = 3*k. What is the hundreds digit of k?
1
Let r be (-7)/28 + 106/8. Let h(z) = -z - 13. Let w be h(-9). Let d = w + r. What is the units digit of d?
9
Let z(t) = t**2 - 3 - 4*t + 4 + 0*t**2 - 8*t. What is the units digit of z(12)?
1
Let o(j) = -j**2 - 16*j + 64. What is the tens digit of o(-12)?
1
Let i(u) be the third derivative of -6*u**2 + 0 + 1/24*u**4 + 1/60*u**5 + 0*u + 13/2*u**3. What is the units digit of i(0)?
9
Let y = 167 + 37. What is the units digit of y?
4
Let j(